base 12, what is -3 - 187?
-18a
In base 11, what is -22 + -184?
-1a6
In base 8, what is -3 + -34?
-37
In base 10, what is -16 - 639?
-655
In base 8, what is 2 - 2420?
-2416
In base 2, what is 0 - -10100?
10100
In base 12, what is 8 - 1437?
-142b
In base 7, what is 0 + -1004?
-1004
In base 7, what is -13 - -66?
53
In base 4, what is -120 - -11?
-103
In base 5, what is 1010 - -22?
1032
In base 5, what is 10143 + 1?
10144
In base 4, what is -20 - -1303?
1223
In base 14, what is 1c + -1?
1b
In base 10, what is 0 - -137?
137
In base 9, what is 155 - 0?
155
In base 12, what is 14 - -b7?
10b
In base 13, what is -15 - -26?
11
In base 10, what is 3 + 2094?
2097
In base 7, what is -4246 + -3?
-4252
In base 12, what is 3a - -3?
41
In base 4, what is 11 - 2?
3
In base 3, what is 0 + 221222?
221222
In base 10, what is -3261 + 3?
-3258
In base 7, what is 15 - -6?
24
In base 6, what is -1 - -302?
301
In base 8, what is 1341 - 5?
1334
In base 10, what is -779 + -3?
-782
In base 14, what is -175 + -5?
-17a
In base 16, what is -2c - -d?
-1f
In base 2, what is -111011100001 - -11?
-111011011110
In base 10, what is 3 + -22?
-19
In base 9, what is -3 - 803?
-806
In base 16, what is -9b + 43?
-58
In base 12, what is -3185 - 1?
-3186
In base 3, what is -11 + 12111?
12100
In base 10, what is 3 - 188?
-185
In base 10, what is 5 + -514?
-509
In base 7, what is 4 + -222?
-215
In base 12, what is 1 + 7?
8
In base 4, what is -10230121 + 3?
-10230112
In base 12, what is -3 - 17a7?
-17aa
In base 3, what is -10 + 10121010?
10121000
In base 11, what is 166 + 3?
169
In base 15, what is 3 - -15?
18
In base 15, what is 685 + 0?
685
In base 15, what is 1c + -d?
e
In base 3, what is -21 - 10222?
-11020
In base 9, what is -1753 + -3?
-1756
In base 5, what is 10 - 30?
-20
In base 7, what is 3 - 32445?
-32442
In base 12, what is -8b35 - 0?
-8b35
In base 3, what is -121 - -12001?
11110
In base 4, what is 2010 - 10?
2000
In base 14, what is 1 - 8?
-7
In base 15, what is -b - 48?
-54
In base 7, what is -1 + -14211?
-14212
In base 11, what is -3 + -84?
-87
In base 6, what is 423 + -3?
420
In base 12, what is -5 - 180?
-185
In base 10, what is 6 + 84?
90
In base 5, what is 4 - -22003?
22012
In base 11, what is -4 + 189a?
1896
In base 12, what is -15 - -a?
-7
In base 12, what is 61 + 9?
6a
In base 12, what is 5 - 73a?
-735
In base 2, what is -1111110110 + 101?
-1111110001
In base 8, what is -4 + 113?
107
In base 14, what is -2 - 1606?
-1608
In base 5, what is -200 - 34?
-234
In base 10, what is 1 - -143?
144
In base 11, what is -1a5 - -5?
-1a0
In base 10, what is 59 - 0?
59
In base 14, what is -4 - 46?
-4a
In base 6, what is -124 - -421?
253
In base 13, what is 56 + 3?
59
In base 6, what is 4 - -53005?
53013
In base 4, what is 13 + 3110?
3123
In base 14, what is 2194 - -4?
2198
In base 11, what is -1 - -224?
223
In base 12, what is -1a - 5?
-23
In base 6, what is -21 - -12?
-5
In base 4, what is 100 - 21311?
-21211
In base 12, what is -28 + 3?
-25
In base 6, what is -21502 - -4?
-21454
In base 2, what is -111111011110 + -11?
-111111100001
In base 9, what is -163 + 1?
-162
In base 10, what is -119 - -3?
-116
In base 11, what is 23 - 3?
20
In base 2, what is 11 + -110010011?
-110010000
In base 6, what is -241 + -1?
-242
In base 7, what is 10104 + -5?
10066
In base 8, what is 15 - 135?
-120
In base 9, what is 268 + -48?
220
In base 8, what is -13 + -64?
-77
In base 3, what is -10 + 2111?
2101
In base 10, what is -24 - -174?
150
In base 16, what is 2c + 13c?
168
In base 6, what is 5 - 134?
-125
In base 11, what is 8 - 559?
-551
In base 14, what is 3 - -3b?
40
In base 8, what is -1377 + -4?
-1403
In base 9, what is -14 - -48?
34
In base 7, what is 4 - 5416?
-5412
In base 15, what is -9a + 4?
-96
In base 7, what is -20040 + 2?
-20035
In base 6, what is 5 + 12414?
12423
In base 8, what is -3161 + 3?
-3156
In base 5, what is 10 + -1230?
-1220
In base 5, what is -10001 - 1?
-10002
In base 7, what is -123 - -3?
-120
In base 3, what is -101 + 1012?
211
In base 11, what is 5 + -825?
-820
In base 16, what is 0 - 53?
-53
In base 2, what is -1110101 - 1111?
-10000100
In base 4, what is 12201 - 213?
11322
In base 15, what is 11 - 46?
-35
In base 3, what is 200 + 0?
200
In base 12, what is 3 - 4b?
-48
In base 9, what is 1337 + 1?
1338
In base 13, what is 4 + 21?
25
In base 7, what is 111 - -61?
202
In base 8, what is -104 + 11?
-73
In base 15, what is 2 - -21?
23
In base 8, what is 11 - -12?
23
In base 7, what is 14 + -1511?
-1464
In base 13, what is 81 + -5?
79
In base 4, what is 2 - -132?
200
In base 15, what is 1a - 1?
19
In base 8, what is -2 - 200?
-202
In base 10, what is 31 + -187?
-156
In base 10, what is -20 + 7?
-13
In base 2, what is -1001 - 100001000?
-100010001
In base 14, what is -2d + c6?
97
In base 10, what is -5480 + 1?
-5479
In base 5, what is -42 - -302?
210
In base 13, what is 12 - 6?
9
In base 9, what is 1870 + 2?
1872
In base 7, what is -2 - 1452?
-1454
In base 3, what is -11 + 1111?
1100
In base 11, what is -65a + -1?
-660
In base 3, what is -1121 - 0?
-1121
In base 15, what is -5d + 0?
-5d
In base 14, what is -6b + 26?
-45
In base 7, what is -4022 - -2?
-4020
In base 10, what is -62 + 7?
-55
In base 2, what is 111101111 + -110111?
110111000
In base 10, what is -5 + 720?
715
In base 15, what is 1 - -37?
38
In base 15, what is -c + 16?
9
In base 11, what is 1058 - -a?
1067
In base 3, what is 112 - 1002112?
-1002000
In base 13, what is 7b + -1?
7a
In base 14, what is -17 - -1a?
3
In base 6, what is -2045 - 3?
-2052
In base 16, what is -1951 - 3?
-1954
In base 10, what is -6108 - -2?
-6106
In base 15, what is 887 + 0?
887
In base 6, what is 2241 + -5?
2232
In base 16, what is 5 + b0?
b5
In base 4, what is 11 + 211210?
211221
In base 5, what is -4 - 134?
-143
In base 10, what is -5 + -5?
-10
In base 2, what is 110 + 1011101?
1100011
In base 9, what is 1 + 1288?
1300
In base 14, what is -1 + 11?
10
In base 2, what is -11 + -101100?
-101111
In base 13, what is -a96 + 4?
-a92
In base 6, what is 1145 + 0?
1145
In base 7, what is 501 - -4?
505
In base 11, what is -2427 - -3?
-2424
In base 12, what is 174 + -4?
170
In base 15, what is 481 - 0?
481
In base 12, what is -2308b + 1?
-2308a
In base 8, what is 2 + -1074?
-1072
In base 4, what is -1121 + -2?
-1123
In base 10, what is 478 - 1?
477
In base 10, what is 4 + -2384?
-2380
In base 6, what is -1405 + -13?
-1422
In base 14, what is 3 - -a5?
a8
In base 13, what is -6a - 2?
-6c
In base 8, what is -37410 + 3?
-37405
In base 10, what is 4 + -652?
-648
In base 4, what is 22 - -23?
111
In base 7, what is 231 + 5?
236
In base 12, what is -3a - -6?
-34
In base 8, what is 32307 + 0?
32307
In base 8, what is 211 - 1?
210
In base 11, what is -25a46 + 1?
-25a45
In base 4, what is 130 + 10?
200
In base 3, what is -10220 - -1?
-10212
In base 2, what is -110011110 + -1101?
-110101011
In base 4, what is 21320 + 113?
22033
In base 6, what is 2241 - -3?
2244
In base 9, what is -150 + 3?
-146
In base 6, what is 5 + 2523?
2532
In base 5, what is 3102 - 3?
3044
In base 8, what is -5 - 2204?
-2211
In base 7, what is 0 - 2252?
-2252
In base 2, what is 101 - -1101?
10010
In base 10, what is 28 - 2?
26
In base 4, what is 0 + 112222?
112222
In base 13, what is 7 - 568?
-561
In base 7, what is -1303 - -5?
-1265
In base 12, what is -1 - 375?
-376
In base 12, what is 4 - a05?
-a01
In base 8, what is 17 - -46?
65
In base 5, what is -4 + -210?
-214
In base 12, what is 2 + 11?
13
In base 2, what is 111 + -11011110?
-11010111
In base 16, what is 568f + 4?
5693
In base 16, what is -5 - 47c?
-481
In base 7, what is 1 - 111?
-110
In base 12, what is -95 - -3?
-92
In base 6, what is 3 + -1353?
-1350
In base 2, what is -100 - 100000001?
-100000101
In base 11, what is -18 + 4?
-14
In base 6, what is 2244 + -1?
2243
In base 14, what is -3c - 99?
-d7
In base 3, what is -12 + 12021?
12002
In base 13, what is 1 - -115?
116
In base 2, what is -1 + -10001111010?
-10001111011
In base 4, what is -3022 - -11?
-3011
In base 12, what is 409 + 6?
413
In base 13, what is -17a0 + -5?
-17a5
In base 16, what is 64a + -4?
646
In base 3, what is 1001 + -2002?
-1001
In base 15, what is -3 - 285?
-288
In base 12, what is 78 + -77?
1
In base 11, what is -9 - -64?
56
In base 9, what is -143 - 241?